m be l(x). Calculate the greatest common factor of 65 and m.
13
Suppose -5*l = -4*x - 26, l - 4*x - 6 = 12. Suppose -4*p - 3 = 5*u - 54, 0 = l*u - p - 23. Calculate the highest common factor of 22 and u.
11
Let b(r) = r**2 + 2*r. Let f be b(-3). Let x(z) = -2*z**3 - f*z**2 - 2*z - z - z + 1 - 4. Let h be x(-3). Calculate the highest common divisor of h and 4.
4
Let h(l) = l + 8. Let q be h(-5). Suppose 8*u - 65 = q*u. Calculate the greatest common factor of 143 and u.
13
Suppose 3*h - 2*u - 160 = 0, -h + 3*u = u - 56. Suppose -98 = -3*b + h. Let q = 4 - -16. Calculate the greatest common factor of q and b.
10
Let u be 27/(-12) - 2/(-8). Let x be -2*(-3)/u + 4. Let m = -3 + 8. Calculate the greatest common factor of m and x.
1
Let b be (-3)/(-54)*1761 + 1/6. Suppose -5*w + 45 = 5*n, 0 = -5*n - w - 3*w + 50. What is the greatest common factor of b and n?
14
Suppose 4*h = 2*j - 5*j - 2, 2 = -2*j - 3*h. Suppose j*c - 39 = -3*d, c = 2*d - 0 + 9. Suppose 3*x = 57 + c. Calculate the highest common divisor of 264 and x.
24
Let f(k) = -5*k - 18. Let o(j) = -11*j - 37. Let r(v) = -13*f(v) + 6*o(v). Let x be r(0). Calculate the highest common divisor of 48 and x.
12
Suppose 2*j + 3 - 7 = 0, -3*j = -5*s + 14. Calculate the highest common divisor of 44 and s.
4
Suppose 0 = -5*c + c + 16. Let v(t) = 10*t**2 + 3. Let d be v(c). Let i = d + -42. Calculate the highest common factor of 11 and i.
11
Let k(c) = -c**2 + 12*c - 14. Let u be k(10). Let v = 4 + 0. What is the greatest common divisor of u and v?
2
Suppose j - 4*k = -2*k + 23, 0 = 2*j - 5*k - 41. Calculate the highest common divisor of 3 and j.
3
Let g(t) = 6*t + 2. Let u be g(5). Let y(d) = 2*d**2 - 2*d + 4. Let o be y(3). What is the highest common divisor of o and u?
16
Suppose 3*w + 18 = 5*t + 55, -w - 5*t = 21. Let i(z) = -z + 28. Let m be i(0). Let u = m - 18. What is the highest common divisor of w and u?
2
Suppose -8*f = -4*f + 5*u - 27, 0 = -2*f + 2*u. Suppose 0 = k - 2*p - f*p + 13, -5*k = p - 13. Let r = 6 + k. Calculate the highest common factor of 72 and r.
8
Let g(l) = l**3 - 4*l**2 - 5*l - 2. Let d be g(6). Suppose -3*i + 15 = -5*n, 3*n = 2*i - 4 - 6. What is the highest common divisor of i and d?
5
Let d(w) = 4*w**2 + 6*w - 11. Let j be d(5). What is the highest common divisor of 17 and j?
17
Let u(q) = q**3 + q**2 - 15. Let c be u(0). Let d = c + 21. Suppose -4*j = -a + 223, 1159 = -a + d*a + 2*j. What is the greatest common divisor of a and 21?
21
Suppose 6*u = 4*u + 16. Suppose 5*l - u*l = -180. What is the greatest common factor of 24 and l?
12
Suppose -4*y + 36 = -60. Suppose 0 = -4*a + 6*a, 0 = -4*q + 5*a + 16. Let u be q/6*(y + 3). Calculate the greatest common divisor of u and 12.
6
Let k(b) = b**3 - 6*b**2 - b + 1. Let v = -16 - -8. Let x be (v/(-4))/(1/4). Let o be k(x). What is the greatest common factor of o and 11?
11
Let f be (-32)/(-48) + (-3)/(9/(-13)). What is the highest common factor of 2 and f?
1
Let g be 16/(-12) + 224/6. Calculate the greatest common divisor of g and 4.
4
Let d(p) = -27*p. Let n be d(-2). Let u = -32 + n. Let i(v) = v - 5. Let k be i(7). Calculate the greatest common divisor of u and k.
2
Let i be ((-2)/2)/(1/(-234)). Calculate the greatest common divisor of i and 26.
26
Let k = -197 + 281. Let m = -531 + 545. What is the highest common divisor of m and k?
14
Suppose -9 = -w - 8. Let a = 0 + 3. Let m = w + a. Calculate the highest common divisor of m and 10.
2
Let l be ((-18)/(-8))/(6/32). What is the highest common divisor of l and 8?
4
Let z(k) = -7*k**2 - 3*k - 1. Let a be z(-1). Let w be (-158)/a + 6/(-10). Calculate the highest common factor of w and 279.
31
Let o(x) = 2*x - 3. Let c be o(3). Suppose -m - 232 = -c*b, 0 = -3*b - 2*m - 1 + 239. Calculate the greatest common factor of 13 and b.
13
Suppose 5*l = t + 2560 - 793, 5*t - 723 = -2*l. Suppose 5*x - 136 = l. What is the greatest common divisor of 14 and x?
14
Suppose 2*s - 34 = 5*p - 8, -3*p - 6 = 0. Let n = s - -3. What is the highest common divisor of 11 and n?
11
Let d(z) = -z**2 - 5*z - 3. Let v be d(-2). Suppose v*w - 7*w = -40. Let s be (-6)/w + (-303)/(-5). What is the highest common divisor of 12 and s?
12
Let w(p) = 2*p + 30. Let d be w(10). Calculate the highest common divisor of d and 550.
50
Let w(p) = -3*p**3 - p**2 + 1. Let y(m) = -2*m + 3. Let x be y(2). Let n be w(x). Suppose n*a = 5*a - 16. Calculate the highest common divisor of a and 24.
8
Let f(z) = -z**3 - 5*z**2 + 4. Let m be f(-5). Suppose -m*n = l - 349, -l - 4 + 1 = 0. Calculate the greatest common divisor of n and 8.
8
Suppose s - 9 = -3. Suppose -a - 3 = 2*l, -3*a + 2*l = s*l + 1. Calculate the greatest common factor of 25 and a.
5
Let k(x) = 3*x**2 + 6*x - 3. Let p be k(-4). Let t be (-4)/(-18) + (-372)/(-27). Suppose 3*a - t = 2*a. Calculate the greatest common divisor of p and a.
7
Let y(x) = 8*x - 19. Let l be y(5). What is the greatest common factor of 63 and l?
21
Suppose -22 = -2*g + 218. Suppose 4*t + 296 = 6*q - q, -2*q + g = -2*t. Calculate the greatest common divisor of 7 and q.
7
Let k be (-16 - -32)*(2/(-8) + 1). What is the highest common factor of k and 264?
12
Let f be (-6 - -3)*(-2)/3. Suppose f*v = -3*v + 65. Suppose 0 = -3*b - 157 + 586. Calculate the greatest common divisor of b and v.
13
Let q(z) = -z**2 + 7*z - 8. Let w be q(5). Let f be 526/8 + w/8. Calculate the greatest common divisor of 6 and f.
6
Let a be 21/(-15) - (-6)/15. Let u = 9 + a. Calculate the greatest common factor of 4 and u.
4
Let o(q) = 54*q. Let v be o(-1). Let x be v/4*(-5 + 3). Calculate the highest common factor of 9 and x.
9
Let l = 40 + 68. What is the greatest common factor of l and 24?
12
Let w = -82 - -90. What is the highest common factor of w and 40?
8
Suppose -156 - 54 = -2*t. Suppose -l + p = l - 45, -5*l + 4*p = -t. Let b = -11 + l. What is the greatest common divisor of 14 and b?
14
Suppose -4*t + 28 = -8. Let i be t/(-6)*4/(-3). Suppose 0 = 4*v - 4, 2*p - 4*v - 32 = i. Calculate the highest common divisor of 133 and p.
19
Let h = 8 - -12. Suppose 0 = r - w - 4, -2*w + 27 = -0*r + 5*r. Calculate the highest common divisor of r and h.
5
Let b be (-3 + 1)/((-4)/10). Suppose -26 = 5*c + y, 0 = -3*c + 4*y - b - 6. Let w be 6*(0 - c/2). Calculate the highest common factor of w and 120.
15
Let v be 10/(-3) - (-2)/(-3). Let j(a) = a**3 + 5*a**2 + 4*a + 6. Let h be j(v). What is the greatest common factor of 9 and h?
3
Let r(m) = -6*m. Let j be r(-4). What is the greatest common divisor of 8 and j?
8
Let v be ((-4)/(-6))/((-2)/(-51)). Let b = -76 + 161. Calculate the greatest common factor of b and v.
17
Let c be 158/6 + (-3)/9. Let g = c - 6. Let n(l) = -l**3 + 21*l**2 + 20*l + 49. Let v be n(22). What is the highest common factor of g and v?
5
Suppose -7*w + 2352 = 742. What is the highest common factor of w and 10?
10
Suppose 9 + 56 = 5*z. Suppose 2*d - 4*b + 15 - 1 = 0, -5*d = 4*b + 21. Let o = d + 31. What is the greatest common factor of o and z?
13
Let j(b) = -b. Let u be j(-2). Suppose -u*h + 630 = 3*h. Calculate the greatest common divisor of h and 14.
14
Let j be 2*-1*(-25 - -1). Suppose j = 4*z + d, -z = d - 3 - 12. Calculate the greatest common divisor of 11 and z.
11
Suppose 6*k = 7*k - 15. Suppose 0 = c + 3*h - 132, -h + 58 = -5*c + 734. Calculate the greatest common divisor of k and c.
15
Let d = -63 + 25. Let y = d - -54. Calculate the highest common divisor of y and 40.
8
Let v be -2 + (-18)/(-12) + (-18)/(-4). Suppose 0 = -2*r - 0*r + 8. Calculate the greatest common factor of r and v.
4
Let t = 348 - 245. Suppose -4*o - k = -0*o - t, 0 = 5*o - k - 122. What is the highest common divisor of o and 5?
5
Suppose -2*v + 8 = 0, -5*p + 68 = -v - 18. Let j = 243 + -171. What is the highest common divisor of p and j?
18
Suppose -3*r - 2*l = 3, -4*r + 2*l - 4 = -l. Let c be r*21*(-4)/12. What is the highest common divisor of c and 35?
7
Let d be 1/(-2*(-2)/12). Suppose 0 = d*u + 6 - 78. Calculate the greatest common divisor of u and 12.
12
Let u = -15 - -31. Calculate the highest common factor of u and 4.
4
Suppose 0 = 4*s + i - 226, -s + 40 + 10 = -3*i. What is the highest common divisor of 14 and s?
14
Let z = 40 - 5. What is the greatest common factor of z and 14?
7
Suppose d + 1 = 2*d, -4*f = 4*d